+ 44374*q + 17276. Determine v(1233).
14
Let j(h) = -4*h**3 + 35*h**2 - 2022*h + 15961. Calculate j(8).
-23
Let w(t) = -467*t**2 + 2338*t - 55. Give w(5).
-40
Let v(h) = 3*h**2 - 5847*h + 184029. What is v(32)?
-3
Let m(f) = f**3 + 9*f**2 - 3914*f - 15734. Give m(-4).
2
Let s(l) = l**2 - 534*l - 178981. Calculate s(-233).
-270
Let w(l) = -4*l**3 - 122*l**2 + 1579*l + 47039. Calculate w(-31).
12
Let i(g) = 4*g**3 + 19*g**2 + 93*g - 132. Give i(-8).
-1708
Let b(s) = -4*s**2 + 735*s - 31569. What is b(68)?
-85
Let m(v) = -v**3 - 284*v**2 + 1089*v - 18161. Determine m(-288).
-17
Let p(c) = -c**2 - 60*c - 1137. Determine p(-36).
-273
Let i(h) = 2*h**2 + 783*h + 18532. Calculate i(-25).
207
Let p(i) = -3*i**3 - 38*i**2 + 53*i + 153. Determine p(3).
-111
Let y(d) = 9*d**2 - 381*d + 251. Determine y(42).
125
Let k(h) = -9095*h - 190993. Calculate k(-21).
2
Let x(i) = -2*i**3 + 916*i**2 - 28072*i + 9350. Give x(425).
0
Let w(j) = 36*j**3 + 423*j**2 - 110*j - 54. Determine w(-12).
-30
Let k(u) = 2741*u + 512031. Give k(-187).
-536
Let b(w) = -232*w**2 - 941*w - 110. Calculate b(-4).
-58
Let n(p) = p**2 - 6284*p - 348636. Give n(-55).
9
Let g(b) = -227*b + 7869. What is g(35)?
-76
Let x(q) = 172419*q - 1206928. Calculate x(7).
5
Let o(a) = 487*a + 3639. Determine o(-6).
717
Let t(y) = y**2 - 277*y + 1435. What is t(5)?
75
Let w(j) = -j**3 + 3*j**2 - 31*j - 113. Give w(12).
-1781
Let m(q) = 788444*q + 788418. What is m(-1)?
-26
Let t(y) = -y**2 + 660*y - 105246. Determine t(270).
54
Let l(h) = 102673*h - 102677. What is l(1)?
-4
Let l(u) = 421220*u + 3790980. Calculate l(-9).
0
Let n(u) = -37*u + 820. Give n(2).
746
Let w(m) = m**2 - 288*m + 3533. Calculate w(272).
-819
Let d(v) = -244*v - 70020. Determine d(-287).
8
Let y(o) = 11*o**3 - 43*o**2 - 14*o - 7. What is y(4)?
-47
Let x(u) = -9829*u - 8511907. Give x(-866).
7
Let r(o) = 254695*o - 7895505. What is r(31)?
40
Let w(a) = -21*a**2 + 6*a + 44. Determine w(-6).
-748
Let a(m) = m**3 - 28*m**2 - 73*m + 4319. Calculate a(23).
-5
Let j(l) = 30*l**3 + 37*l**2 - 83*l + 21. Give j(2).
243
Let w(h) = -130740*h + 1045939. Give w(8).
19
Let g(p) = -326*p**3 + 9453*p**2 + 12*p + 498. Determine g(29).
5
Let c(l) = -l**3 - 17*l**2 + 4184*l - 5402. Calculate c(56).
-26
Let w(k) = -3*k**3 - 71*k**2 + 24*k + 1859. Determine w(-23).
249
Let o(p) = -3*p**3 - 528*p**2 - 1049*p - 867. Calculate o(-174).
3
Let o(k) = -791950*k - 791952. What is o(-1)?
-2
Let q(x) = 12*x**2 + 2056*x + 6129. What is q(-3)?
69
Let t(d) = 36*d**2 + 774*d + 35. Determine t(-16).
-3133
Let u(c) = -394*c**2 + 1624*c + 28. Determine u(4).
220
Let f(b) = b**3 - 4*b**2 - 171*b + 1194. Give f(13).
492
Let o(q) = -69*q**2 - 4727*q + 2328. Determine o(-69).
-18
Let c(g) = 1146609*g - 2293223. Calculate c(2).
-5
Let v(z) = -72*z**3 - 124*z**2 - 377*z + 4. Determine v(-3).
1963
Let g(o) = 7862*o - 526740. Determine g(67).
14
Let v(n) = 3*n**3 - 13*n**2 - 26*n + 330. What is v(6)?
354
Let c(a) = -3*a**2 + 2703*a - 8102. Determine c(3).
-20
Let p(n) = 3*n**2 - 197*n - 616. What is p(-3)?
2
Let k(u) = u**3 - 50*u**2 + 1385*u + 4625. What is k(-3)?
-7
Let b(i) = 41*i**2 - 386*i - 5232. Calculate b(17).
55
Let w(l) = 43*l + 3761. Determine w(-97).
-410
Let a(n) = -3*n**3 + 7*n**2 - 9301*n + 27912. Calculate a(3).
-9
Let k(m) = -45*m**2 - 272*m - 100. Give k(-5).
135
Let q(w) = w**3 + 15*w**2 + 91*w + 988. Determine q(-16).
-724
Let d(k) = 2*k**2 - 910*k + 87395. Calculate d(140).
-805
Let g(c) = -5671*c + 3062333. Calculate g(540).
-7
Let s(p) = 3*p**3 + 50*p**2 + 140*p - 6. Give s(-9).
597
Let b(h) = 906*h**2 + 6341*h - 6. Determine b(-7).
1
Let d(k) = 13*k**3 + 79*k**2 - 871*k - 4384. Determine d(-5).
321
Let l(x) = -33*x**3 - 1452*x**2 - 42*x - 2280. Determine l(-44).
-432
Let c(o) = -1312*o - 375187. What is c(-286)?
45
Let c(z) = 184*z**2 + 64152*z - 64151. Determine c(1).
185
Let z(b) = -6487*b + 415165. Calculate z(64).
-3
Let b(s) = -s**3 + 35*s**2 - 59*s - 806. What is b(33)?
-575
Let k(s) = -43347*s + 2210727. Determine k(51).
30
Let g(i) = i**2 + 85*i + 613. Calculate g(-78).
67
Let v(j) = 596307*j + 596306. Calculate v(-1).
-1
Let y(o) = -13*o**2 + 40*o - 333. Calculate y(11).
-1466
Let s(x) = -x**2 - 170*x + 3986. Calculate s(20).
186
Let q(d) = -d**3 - 3*d**2 + 483*d + 3864. What is q(-9)?
3
Let j(u) = -3105*u + 12354. Determine j(4).
-66
Let l(j) = j**3 - 1081*j**2 + 4336*j - 87. Calculate l(4).
25
Let t(o) = -8*o**2 - 5321*o - 573. What is t(-665)?
92
Let p(j) = -2*j**2 + 3059*j - 24523. What is p(8)?
-179
Let w(a) = -608*a - 113025. Give w(-187).
671
Let p(w) = 44*w**2 + 168*w - 1026. Calculate p(7).
2306
Let v(k) = -15281*k**2 - 61126*k - 10. Determine v(-4).
-2
Let y(l) = l**3 - 161*l**2 - 4797*l + 728773. Determine y(163).
0
Let a(c) = 1364*c - 29796. What is a(22)?
212
Let q(z) = 4*z**3 - 85*z**2 + 139*z + 1705. Give q(18).
-5
Let f(i) = 20*i**3 - 143*i**2 + 268*i - 1815. Calculate f(7).
-86
Let f(l) = -2384*l + 1659242. Calculate f(696).
-22
Let s(n) = 10*n**2 + 35*n - 3726. What is s(-30)?
4224
Let u(l) = -l**3 + 28*l**2 + 83*l + 266. Calculate u(32).
-1174
Let c(a) = 7751*a - 23386. What is c(3)?
-133
Let m(g) = 5553*g + 14819. Determine m(-3).
-1840
Let q(c) = c**2 + 1863*c - 9352. What is q(5)?
-12
Let x(g) = 64*g - 4068. Give x(53).
-676
Let g(s) = -7*s**3 + 42*s**2 - 173*s + 174. What is g(2)?
-60
Let w(j) = 19*j**2 + 3395*j - 15002. Determine w(-183).
4
Let b(q) = -2*q**3 - 8*q**2 - 388*q - 1982. Calculate b(-5).
8
Let y(n) = -n**2 - 74*n + 20872. Determine y(109).
925
Let c(w) = -12*w**2 - 616*w - 6275. What is c(-14)?
-3
Let o(j) = -59063*j - 236899. Calculate o(-4).
-647
Let c(m) = -2*m**3 - 291*m**2 - 152*m - 705. Give c(-145).
310
Let m(y) = 2*y**3 - 145*y**2 - 520*y - 913. What is m(76)?
-1
Let h(i) = 11*i**3 + 81*i**2 + 47*i + 810. Calculate h(-8).
-14
Let q(f) = -1261*f + 326622. Give q(259).
23
Let k(q) = -2*q**3 + 352*q**2 - 1378*q + 554. Determine k(172).
210
Let l(i) = 2*i**2 + 106*i + 1325. Give l(-20).
5
Let m(b) = -1488*b + 764911. Determine m(514).
79
Let x(n) = -307*n - 23332. What is x(-76)?
0
Let q(c) = -2492*c**3 - 3*c**2 + 71*c + 74. Give q(-1).
2492
Let k(v) = 10*v**2 + 358*v - 1093. Calculate k(-38).
-257
Let w(m) = -m**3 - 132*m**2 + 268*m - 1053. Give w(-134).
-1053
Let n(f) = 2*f**2 - 231*f + 5871. Calculate n(78).
21
Let q(b) = -4*b**3 - 1310*b**2 - 649*b + 1406. Give q(-327).
-229
Let d(f) = 69*f**2 + 677*f + 1013. What is d(-8)?
13
Let g(d) = -136*d + 12751. Give g(93).
103
Let s(w) = -2*w**3 - 422*w**2 - 10*w - 2053. What is s(-211)?
57
Let f(c) = -18*c**2 + 6565*c - 62169. Calculate f(355).
-44
Let l(k) = -65*k**3 + 19*k**2 - 70*k + 51. Calculate l(1).
-65
Let f(q) = -3*q**3 + 764*q**2 - 4476*q. Give f(6).
0
Let x(u) = u**3 - 274*u**2 - 9454*u - 529. Calculate x(305).
-224
Let l(s) = -3*s**3 - 54*s**2 - 49*s - 28. Determine l(-17).
-62
Let o(x) = -175489*x + 1228420. What is o(7)?
-3
Let z(k) = k**2 - 147*k - 8714. What is z(-46)?
164
Let i(r) = -1782*r + 1999425. Calculate i(1122).
21
Let u(q) = -2*q**3 + 117*q**2 - 1304*q + 1368. Determine u(44).
136
Let y(p) = 2*p**3 + 32*p**2 - 958*p - 15872. Determine y(-17).
-164
Let n(j) = -1124*j + 454081. Calculate n(404).
-15
Let z(j) = j**3 - 91*j**2 + 343*j + 426. Determine z(87).
-9
Let c(t) = -287*t + 5971. Determine c(21).
-56
Let u(d) = 243*d**3 + 478*d**2 - 92*d - 142. Determine u(-2).
10
Let r(l) = 6344*l + 50753. Determine r(-8).
1
Let d(j) = 12*j**3 + 21*j**2 - 13*j + 19. Determine d(-4).
-361
Let p(j) = j**3 + 66*j**2 - 1089*j + 3221. What is p(4)?
-15
Let y(t) = -8*t**3 - 104*t**2 + 392*t + 7. Calculate y(4).
-601
Let q(n) = 6956*n - 181090. Calculate q(26).
-234
Let a(y) = -17*y**2 - 1189*y - 5455. Determine a(-65).
5
Let q(i) = -49*i**2 + 131*i + 402. Determine q(-3).
-432
Let j(l) = -33*l - 1277. What is j(-43)?
142
Let u(r) = 707*r - 8979. What is u(9)?
-2616
Let h(l) = 4532*l - 14113. Calculate h(3).
-517
Let u(l) = -4272*l**2 + 551088*l + 10. Give u(129).
10
Let u(n) = 18860*n + 377168. Calculate u(-20).
-32
Let p(b) = b**2 - 94*b + 2052. Give p(31).
99
Let j(i) = -i**3 + 23*i**2 - 750*i + 19804. What is j(25)?
-196
Let y(x) = x**2 + 330*x - 17320. Give y(-376).
-24
Let b(p) = -6*p**2 - 25573*p + 102318. Determine b(4).
-70
Let y(q)